{"id":181,"date":"2014-05-17T08:51:15","date_gmt":"2014-05-17T08:51:15","guid":{"rendered":"http:\/\/josezorita.es\/web\/weblucio\/?page_id=181"},"modified":"2020-10-13T18:46:02","modified_gmt":"2020-10-13T18:46:02","slug":"prueba-contacto","status":"publish","type":"page","link":"https:\/\/luciosobrino.es\/?page_id=181","title":{"rendered":"Arquitectura"},"content":{"rendered":"<p>&nbsp;<\/p>\n<div id=\"kad-wp-gallery15\" class=\"kad-wp-gallery kad-light-wp-gallery clearfix kt-gallery-column-3 rowtight\"><div class=\"tcol-lg-4 tcol-md-4 tcol-sm-4 tcol-xs-6 tcol-ss-12 g_item\"><div class=\"grid_item kad_gallery_fade_in gallery_item\"><a href=\"https:\/\/luciosobrino.es\/wp-content\/uploads\/2014\/05\/Limpias-Laredo-Violeta-nueve-acuarelas-Dicbre.2006-139-55.jpg\" data-rel=\"lightbox\" class=\"lightboxhover\"><img src=\"https:\/\/luciosobrino.es\/wp-content\/uploads\/2014\/05\/Limpias-Laredo-Violeta-nueve-acuarelas-Dicbre.2006-139-55-400x400.jpg\" width=\"400\" height=\"400\" alt=\"Casas junto al bosque. Limpias (Cantabria)\" srcset=\"https:\/\/luciosobrino.es\/wp-content\/uploads\/2014\/05\/Limpias-Laredo-Violeta-nueve-acuarelas-Dicbre.2006-139-55-400x400.jpg 400w, https:\/\/luciosobrino.es\/wp-content\/uploads\/2014\/05\/Limpias-Laredo-Violeta-nueve-acuarelas-Dicbre.2006-139-55-150x150.jpg 150w, https:\/\/luciosobrino.es\/wp-content\/uploads\/2014\/05\/Limpias-Laredo-Violeta-nueve-acuarelas-Dicbre.2006-139-55-800x800.jpg 800w\" sizes=\"(max-width: 400px) 100vw, 400px\" class=\"light-dropshaddow\"\/><\/a><\/div><\/div><div class=\"tcol-lg-4 tcol-md-4 tcol-sm-4 tcol-xs-6 tcol-ss-12 g_item\"><div class=\"grid_item kad_gallery_fade_in gallery_item\"><a href=\"https:\/\/luciosobrino.es\/wp-content\/uploads\/2014\/05\/Limpias-Laredo-Violeta-nueve-acuarelas-Dicbre.2006-139-56.jpg\" data-rel=\"lightbox\" class=\"lightboxhover\"><img src=\"https:\/\/luciosobrino.es\/wp-content\/uploads\/2014\/05\/Limpias-Laredo-Violeta-nueve-acuarelas-Dicbre.2006-139-56-400x400.jpg\" width=\"400\" height=\"400\" alt=\"C.01\/013 Salazar, Burgos (12-1994)24x32\" srcset=\"https:\/\/luciosobrino.es\/wp-content\/uploads\/2014\/05\/Limpias-Laredo-Violeta-nueve-acuarelas-Dicbre.2006-139-56-400x400.jpg 400w, https:\/\/luciosobrino.es\/wp-content\/uploads\/2014\/05\/Limpias-Laredo-Violeta-nueve-acuarelas-Dicbre.2006-139-56-150x150.jpg 150w, https:\/\/luciosobrino.es\/wp-content\/uploads\/2014\/05\/Limpias-Laredo-Violeta-nueve-acuarelas-Dicbre.2006-139-56-800x800.jpg 800w\" sizes=\"(max-width: 400px) 100vw, 400px\" class=\"light-dropshaddow\"\/><\/a><\/div><\/div><div class=\"tcol-lg-4 tcol-md-4 tcol-sm-4 tcol-xs-6 tcol-ss-12 g_item\"><div class=\"grid_item kad_gallery_fade_in gallery_item\"><a href=\"https:\/\/luciosobrino.es\/wp-content\/uploads\/2014\/05\/Limpias-Laredo-Violeta-nueve-acuarelas-Dicbre.2006-139-79.jpg\" data-rel=\"lightbox\" class=\"lightboxhover\"><img src=\"https:\/\/luciosobrino.es\/wp-content\/uploads\/2014\/05\/Limpias-Laredo-Violeta-nueve-acuarelas-Dicbre.2006-139-79-400x400.jpg\" width=\"400\" height=\"400\" alt=\"C.07\/008 Vereda hacia el monte. Salazar (Burgos) (2-1995) 23x31\" srcset=\"https:\/\/luciosobrino.es\/wp-content\/uploads\/2014\/05\/Limpias-Laredo-Violeta-nueve-acuarelas-Dicbre.2006-139-79-400x400.jpg 400w, https:\/\/luciosobrino.es\/wp-content\/uploads\/2014\/05\/Limpias-Laredo-Violeta-nueve-acuarelas-Dicbre.2006-139-79-150x150.jpg 150w, https:\/\/luciosobrino.es\/wp-content\/uploads\/2014\/05\/Limpias-Laredo-Violeta-nueve-acuarelas-Dicbre.2006-139-79-800x800.jpg 800w\" sizes=\"(max-width: 400px) 100vw, 400px\" class=\"light-dropshaddow\"\/><\/a><\/div><\/div><div class=\"tcol-lg-4 tcol-md-4 tcol-sm-4 tcol-xs-6 tcol-ss-12 g_item\"><div class=\"grid_item kad_gallery_fade_in gallery_item\"><a href=\"https:\/\/luciosobrino.es\/wp-content\/uploads\/2014\/05\/Limpias-Laredo-Violeta-nueve-acuarelas-Dicbre.2006-139-27.jpg\" data-rel=\"lightbox\" class=\"lightboxhover\"><img src=\"https:\/\/luciosobrino.es\/wp-content\/uploads\/2014\/05\/Limpias-Laredo-Violeta-nueve-acuarelas-Dicbre.2006-139-27-400x400.jpg\" width=\"400\" height=\"400\" alt=\"C.01\/020 Toledo (5-1996) 23x31\" srcset=\"https:\/\/luciosobrino.es\/wp-content\/uploads\/2014\/05\/Limpias-Laredo-Violeta-nueve-acuarelas-Dicbre.2006-139-27-400x400.jpg 400w, https:\/\/luciosobrino.es\/wp-content\/uploads\/2014\/05\/Limpias-Laredo-Violeta-nueve-acuarelas-Dicbre.2006-139-27-150x150.jpg 150w, https:\/\/luciosobrino.es\/wp-content\/uploads\/2014\/05\/Limpias-Laredo-Violeta-nueve-acuarelas-Dicbre.2006-139-27-800x800.jpg 800w\" sizes=\"(max-width: 400px) 100vw, 400px\" class=\"light-dropshaddow\"\/><\/a><\/div><\/div><div class=\"tcol-lg-4 tcol-md-4 tcol-sm-4 tcol-xs-6 tcol-ss-12 g_item\"><div class=\"grid_item kad_gallery_fade_in gallery_item\"><a href=\"https:\/\/luciosobrino.es\/wp-content\/uploads\/2014\/05\/Limpias-Laredo-Violeta-nueve-acuarelas-Dicbre.2006-139-29.jpg\" data-rel=\"lightbox\" class=\"lightboxhover\"><img src=\"https:\/\/luciosobrino.es\/wp-content\/uploads\/2014\/05\/Limpias-Laredo-Violeta-nueve-acuarelas-Dicbre.2006-139-29-400x400.jpg\" width=\"400\" height=\"400\" alt=\"E.038 Chamizo. Pezuela de las Torres, Madrid.\" srcset=\"https:\/\/luciosobrino.es\/wp-content\/uploads\/2014\/05\/Limpias-Laredo-Violeta-nueve-acuarelas-Dicbre.2006-139-29-400x400.jpg 400w, https:\/\/luciosobrino.es\/wp-content\/uploads\/2014\/05\/Limpias-Laredo-Violeta-nueve-acuarelas-Dicbre.2006-139-29-150x150.jpg 150w, https:\/\/luciosobrino.es\/wp-content\/uploads\/2014\/05\/Limpias-Laredo-Violeta-nueve-acuarelas-Dicbre.2006-139-29-800x800.jpg 800w\" sizes=\"(max-width: 400px) 100vw, 400px\" class=\"light-dropshaddow\"\/><\/a><\/div><\/div><div class=\"tcol-lg-4 tcol-md-4 tcol-sm-4 tcol-xs-6 tcol-ss-12 g_item\"><div class=\"grid_item kad_gallery_fade_in gallery_item\"><a href=\"https:\/\/luciosobrino.es\/wp-content\/uploads\/2014\/05\/Limpias-Laredo-Violeta-nueve-acuarelas-Dicbre.2006-139-43.jpg\" data-rel=\"lightbox\" class=\"lightboxhover\"><img src=\"https:\/\/luciosobrino.es\/wp-content\/uploads\/2014\/05\/Limpias-Laredo-Violeta-nueve-acuarelas-Dicbre.2006-139-43-400x400.jpg\" width=\"400\" height=\"400\" alt=\"Pe\u00f1\u00edscola (Castell\u00f3n)\" srcset=\"https:\/\/luciosobrino.es\/wp-content\/uploads\/2014\/05\/Limpias-Laredo-Violeta-nueve-acuarelas-Dicbre.2006-139-43-400x400.jpg 400w, https:\/\/luciosobrino.es\/wp-content\/uploads\/2014\/05\/Limpias-Laredo-Violeta-nueve-acuarelas-Dicbre.2006-139-43-150x150.jpg 150w, https:\/\/luciosobrino.es\/wp-content\/uploads\/2014\/05\/Limpias-Laredo-Violeta-nueve-acuarelas-Dicbre.2006-139-43-800x800.jpg 800w\" sizes=\"(max-width: 400px) 100vw, 400px\" class=\"light-dropshaddow\"\/><\/a><\/div><\/div><div class=\"tcol-lg-4 tcol-md-4 tcol-sm-4 tcol-xs-6 tcol-ss-12 g_item\"><div class=\"grid_item kad_gallery_fade_in gallery_item\"><a href=\"https:\/\/luciosobrino.es\/wp-content\/uploads\/2014\/05\/Limpias-Laredo-Violeta-nueve-acuarelas-Dicbre.2006-139-86.jpg\" data-rel=\"lightbox\" class=\"lightboxhover\"><img src=\"https:\/\/luciosobrino.es\/wp-content\/uploads\/2014\/05\/Limpias-Laredo-Violeta-nueve-acuarelas-Dicbre.2006-139-86-400x400.jpg\" width=\"400\" height=\"400\" alt=\"Choza r\u00fastica. Ramales (Cantabria)\" srcset=\"https:\/\/luciosobrino.es\/wp-content\/uploads\/2014\/05\/Limpias-Laredo-Violeta-nueve-acuarelas-Dicbre.2006-139-86-400x400.jpg 400w, https:\/\/luciosobrino.es\/wp-content\/uploads\/2014\/05\/Limpias-Laredo-Violeta-nueve-acuarelas-Dicbre.2006-139-86-150x150.jpg 150w, https:\/\/luciosobrino.es\/wp-content\/uploads\/2014\/05\/Limpias-Laredo-Violeta-nueve-acuarelas-Dicbre.2006-139-86-800x800.jpg 800w\" sizes=\"(max-width: 400px) 100vw, 400px\" class=\"light-dropshaddow\"\/><\/a><\/div><\/div><div class=\"tcol-lg-4 tcol-md-4 tcol-sm-4 tcol-xs-6 tcol-ss-12 g_item\"><div class=\"grid_item kad_gallery_fade_in gallery_item\"><a href=\"https:\/\/luciosobrino.es\/wp-content\/uploads\/2020\/10\/C01.022.jpg\" data-rel=\"lightbox\" class=\"lightboxhover\"><img src=\"https:\/\/luciosobrino.es\/wp-content\/uploads\/2020\/10\/C01.022-400x400.jpg\" width=\"400\" height=\"400\" alt=\"C.01.022\t&#039;Paseo del Espol\u00f3n. Burgos&#039;\tBurgos\t10-5-1999\t23x31\tMuseo de la Ferias de Medina del Campo \" srcset=\"https:\/\/luciosobrino.es\/wp-content\/uploads\/2020\/10\/C01.022-400x400.jpg 400w, https:\/\/luciosobrino.es\/wp-content\/uploads\/2020\/10\/C01.022-150x150.jpg 150w, https:\/\/luciosobrino.es\/wp-content\/uploads\/2020\/10\/C01.022-800x800.jpg 800w\" sizes=\"(max-width: 400px) 100vw, 400px\" class=\"light-dropshaddow\"\/><\/a><\/div><\/div><div class=\"tcol-lg-4 tcol-md-4 tcol-sm-4 tcol-xs-6 tcol-ss-12 g_item\"><div class=\"grid_item kad_gallery_fade_in gallery_item\"><a href=\"https:\/\/luciosobrino.es\/wp-content\/uploads\/2020\/10\/C01.028.jpg\" data-rel=\"lightbox\" class=\"lightboxhover\"><img src=\"https:\/\/luciosobrino.es\/wp-content\/uploads\/2020\/10\/C01.028-400x400.jpg\" width=\"400\" height=\"400\" alt=\"C.01.028\t&#039;Marr\u00f3n Cantabria.&#039;\tAmpuero (Cantabria)\t7-2000\t23x31\t\" srcset=\"https:\/\/luciosobrino.es\/wp-content\/uploads\/2020\/10\/C01.028-400x400.jpg 400w, https:\/\/luciosobrino.es\/wp-content\/uploads\/2020\/10\/C01.028-150x150.jpg 150w, https:\/\/luciosobrino.es\/wp-content\/uploads\/2020\/10\/C01.028-800x800.jpg 800w\" sizes=\"(max-width: 400px) 100vw, 400px\" class=\"light-dropshaddow\"\/><\/a><\/div><\/div><div class=\"tcol-lg-4 tcol-md-4 tcol-sm-4 tcol-xs-6 tcol-ss-12 g_item\"><div class=\"grid_item kad_gallery_fade_in gallery_item\"><a href=\"https:\/\/luciosobrino.es\/wp-content\/uploads\/2020\/10\/MuseoSTelmo.jpg\" data-rel=\"lightbox\" class=\"lightboxhover\"><img src=\"https:\/\/luciosobrino.es\/wp-content\/uploads\/2020\/10\/MuseoSTelmo-400x400.jpg\" width=\"400\" height=\"400\" alt=\"&#039;Castillo de Carlos V de Hondarribia&#039;.\tHondarribia (Guipuzcoa)\t4-1954\t34x46\tDonado por el artista al Museo de S. Telmo de San Sebasti\u00e1n en 2014\" srcset=\"https:\/\/luciosobrino.es\/wp-content\/uploads\/2020\/10\/MuseoSTelmo-400x400.jpg 400w, https:\/\/luciosobrino.es\/wp-content\/uploads\/2020\/10\/MuseoSTelmo-150x150.jpg 150w, https:\/\/luciosobrino.es\/wp-content\/uploads\/2020\/10\/MuseoSTelmo-800x800.jpg 800w\" sizes=\"(max-width: 400px) 100vw, 400px\" class=\"light-dropshaddow\"\/><\/a><\/div><\/div><div class=\"tcol-lg-4 tcol-md-4 tcol-sm-4 tcol-xs-6 tcol-ss-12 g_item\"><div class=\"grid_item kad_gallery_fade_in gallery_item\"><a href=\"https:\/\/luciosobrino.es\/wp-content\/uploads\/2020\/10\/C01.003.jpg\" data-rel=\"lightbox\" class=\"lightboxhover\"><img src=\"https:\/\/luciosobrino.es\/wp-content\/uploads\/2020\/10\/C01.003-400x400.jpg\" width=\"400\" height=\"400\" alt=\"C.01.003\t&#039;Nobles ruinas&#039;.\tSalazar(Burgos)\t4-2006\t18x26\t\" srcset=\"https:\/\/luciosobrino.es\/wp-content\/uploads\/2020\/10\/C01.003-400x400.jpg 400w, https:\/\/luciosobrino.es\/wp-content\/uploads\/2020\/10\/C01.003-150x150.jpg 150w, https:\/\/luciosobrino.es\/wp-content\/uploads\/2020\/10\/C01.003-800x800.jpg 800w\" sizes=\"(max-width: 400px) 100vw, 400px\" class=\"light-dropshaddow\"\/><\/a><\/div><\/div><div class=\"tcol-lg-4 tcol-md-4 tcol-sm-4 tcol-xs-6 tcol-ss-12 g_item\"><div class=\"grid_item kad_gallery_fade_in gallery_item\"><a href=\"https:\/\/luciosobrino.es\/wp-content\/uploads\/2020\/10\/C01.006.jpg\" data-rel=\"lightbox\" class=\"lightboxhover\"><img src=\"https:\/\/luciosobrino.es\/wp-content\/uploads\/2020\/10\/C01.006-400x400.jpg\" width=\"400\" height=\"400\" alt=\"C.01.006\t&#039;Bocairente&#039;.\tBocairent (Valencia)\t5-2002\t23x31\t\" srcset=\"https:\/\/luciosobrino.es\/wp-content\/uploads\/2020\/10\/C01.006-400x400.jpg 400w, https:\/\/luciosobrino.es\/wp-content\/uploads\/2020\/10\/C01.006-150x150.jpg 150w, https:\/\/luciosobrino.es\/wp-content\/uploads\/2020\/10\/C01.006-800x800.jpg 800w\" sizes=\"(max-width: 400px) 100vw, 400px\" class=\"light-dropshaddow\"\/><\/a><\/div><\/div><div class=\"tcol-lg-4 tcol-md-4 tcol-sm-4 tcol-xs-6 tcol-ss-12 g_item\"><div class=\"grid_item kad_gallery_fade_in gallery_item\"><a href=\"https:\/\/luciosobrino.es\/wp-content\/uploads\/2020\/10\/C01.007.jpg\" data-rel=\"lightbox\" class=\"lightboxhover\"><img src=\"https:\/\/luciosobrino.es\/wp-content\/uploads\/2020\/10\/C01.007-400x400.jpg\" width=\"400\" height=\"400\" alt=\"C.01.007\t&#039;Moj\u00e1car&#039;.\tMoj\u00e1car (Almer\u00eda)\t9-2000\t23x31\t\" srcset=\"https:\/\/luciosobrino.es\/wp-content\/uploads\/2020\/10\/C01.007-400x400.jpg 400w, https:\/\/luciosobrino.es\/wp-content\/uploads\/2020\/10\/C01.007-150x150.jpg 150w, https:\/\/luciosobrino.es\/wp-content\/uploads\/2020\/10\/C01.007-800x800.jpg 800w\" sizes=\"(max-width: 400px) 100vw, 400px\" class=\"light-dropshaddow\"\/><\/a><\/div><\/div><div class=\"tcol-lg-4 tcol-md-4 tcol-sm-4 tcol-xs-6 tcol-ss-12 g_item\"><div class=\"grid_item kad_gallery_fade_in gallery_item\"><a href=\"https:\/\/luciosobrino.es\/wp-content\/uploads\/2020\/10\/C01.008.jpg\" data-rel=\"lightbox\" class=\"lightboxhover\"><img src=\"https:\/\/luciosobrino.es\/wp-content\/uploads\/2020\/10\/C01.008-400x400.jpg\" width=\"400\" height=\"400\" alt=\"C.01.008\t&#039;Venta junto al Taju\u00f1a&#039;.\tLoranca de Taju\u00f1a(Guadalajara)\t11-1996\t23x31\t\" srcset=\"https:\/\/luciosobrino.es\/wp-content\/uploads\/2020\/10\/C01.008-400x400.jpg 400w, https:\/\/luciosobrino.es\/wp-content\/uploads\/2020\/10\/C01.008-150x150.jpg 150w, https:\/\/luciosobrino.es\/wp-content\/uploads\/2020\/10\/C01.008-800x800.jpg 800w\" sizes=\"(max-width: 400px) 100vw, 400px\" class=\"light-dropshaddow\"\/><\/a><\/div><\/div><div class=\"tcol-lg-4 tcol-md-4 tcol-sm-4 tcol-xs-6 tcol-ss-12 g_item\"><div class=\"grid_item kad_gallery_fade_in gallery_item\"><a href=\"https:\/\/luciosobrino.es\/wp-content\/uploads\/2020\/10\/C01.010.jpg\" data-rel=\"lightbox\" class=\"lightboxhover\"><img src=\"https:\/\/luciosobrino.es\/wp-content\/uploads\/2020\/10\/C01.010-400x400.jpg\" width=\"400\" height=\"400\" alt=\"C.01.010\t&#039;Almansa. Reba\u00f1o de cabras&#039;.\tAlmansa (Albacete)\t-\t23x31\t\" srcset=\"https:\/\/luciosobrino.es\/wp-content\/uploads\/2020\/10\/C01.010-400x400.jpg 400w, https:\/\/luciosobrino.es\/wp-content\/uploads\/2020\/10\/C01.010-150x150.jpg 150w, https:\/\/luciosobrino.es\/wp-content\/uploads\/2020\/10\/C01.010-800x800.jpg 800w\" sizes=\"(max-width: 400px) 100vw, 400px\" class=\"light-dropshaddow\"\/><\/a><\/div><\/div><div class=\"tcol-lg-4 tcol-md-4 tcol-sm-4 tcol-xs-6 tcol-ss-12 g_item\"><div class=\"grid_item kad_gallery_fade_in gallery_item\"><a href=\"https:\/\/luciosobrino.es\/wp-content\/uploads\/2020\/10\/C01.011.jpg\" data-rel=\"lightbox\" class=\"lightboxhover\"><img src=\"https:\/\/luciosobrino.es\/wp-content\/uploads\/2020\/10\/C01.011-400x400.jpg\" width=\"400\" height=\"400\" alt=\"C.01.011\t&#039;Rello&#039;.\tRello (Soria)\t7-11-2004\t23x31\t\" srcset=\"https:\/\/luciosobrino.es\/wp-content\/uploads\/2020\/10\/C01.011-400x400.jpg 400w, https:\/\/luciosobrino.es\/wp-content\/uploads\/2020\/10\/C01.011-150x150.jpg 150w, https:\/\/luciosobrino.es\/wp-content\/uploads\/2020\/10\/C01.011-800x800.jpg 800w\" sizes=\"(max-width: 400px) 100vw, 400px\" class=\"light-dropshaddow\"\/><\/a><\/div><\/div><div class=\"tcol-lg-4 tcol-md-4 tcol-sm-4 tcol-xs-6 tcol-ss-12 g_item\"><div class=\"grid_item kad_gallery_fade_in gallery_item\"><a href=\"https:\/\/luciosobrino.es\/wp-content\/uploads\/2020\/10\/C01.014.jpg\" data-rel=\"lightbox\" class=\"lightboxhover\"><img src=\"https:\/\/luciosobrino.es\/wp-content\/uploads\/2020\/10\/C01.014-400x400.jpg\" width=\"400\" height=\"400\" alt=\"C.01.014\t&#039;Salvatierra&#039;.\tSalvatierra (\u00c1lava)\t4-1994\t24x32\t\" srcset=\"https:\/\/luciosobrino.es\/wp-content\/uploads\/2020\/10\/C01.014-400x400.jpg 400w, https:\/\/luciosobrino.es\/wp-content\/uploads\/2020\/10\/C01.014-150x150.jpg 150w, https:\/\/luciosobrino.es\/wp-content\/uploads\/2020\/10\/C01.014-800x800.jpg 800w\" sizes=\"(max-width: 400px) 100vw, 400px\" class=\"light-dropshaddow\"\/><\/a><\/div><\/div><div class=\"tcol-lg-4 tcol-md-4 tcol-sm-4 tcol-xs-6 tcol-ss-12 g_item\"><div class=\"grid_item kad_gallery_fade_in gallery_item\"><a href=\"https:\/\/luciosobrino.es\/wp-content\/uploads\/2020\/10\/C01.015.jpg\" data-rel=\"lightbox\" class=\"lightboxhover\"><img src=\"https:\/\/luciosobrino.es\/wp-content\/uploads\/2020\/10\/C01.015-400x400.jpg\" width=\"400\" height=\"400\" alt=\"C.01.015\t&#039;Pe\u00f1alba de Santiago&#039;.\tPe\u00f1alba de Santiago (Le\u00f3n)\t7-1998\t24,5x32\t Museo de la Ferias de Medina del Campo \" srcset=\"https:\/\/luciosobrino.es\/wp-content\/uploads\/2020\/10\/C01.015-400x400.jpg 400w, https:\/\/luciosobrino.es\/wp-content\/uploads\/2020\/10\/C01.015-150x150.jpg 150w, https:\/\/luciosobrino.es\/wp-content\/uploads\/2020\/10\/C01.015-800x800.jpg 800w\" sizes=\"(max-width: 400px) 100vw, 400px\" class=\"light-dropshaddow\"\/><\/a><\/div><\/div><div class=\"tcol-lg-4 tcol-md-4 tcol-sm-4 tcol-xs-6 tcol-ss-12 g_item\"><div class=\"grid_item kad_gallery_fade_in gallery_item\"><a href=\"https:\/\/luciosobrino.es\/wp-content\/uploads\/2020\/10\/C01.016.jpg\" data-rel=\"lightbox\" class=\"lightboxhover\"><img src=\"https:\/\/luciosobrino.es\/wp-content\/uploads\/2020\/10\/C01.016-400x400.jpg\" width=\"400\" height=\"400\" alt=\"C.01.016\t&#039;Pe\u00f1alba de Santiago&#039;. Pe\u00f1alba de Santiago (Le\u00f3n)\t7-1998\t24,5x32\t\" srcset=\"https:\/\/luciosobrino.es\/wp-content\/uploads\/2020\/10\/C01.016-400x400.jpg 400w, https:\/\/luciosobrino.es\/wp-content\/uploads\/2020\/10\/C01.016-150x150.jpg 150w, https:\/\/luciosobrino.es\/wp-content\/uploads\/2020\/10\/C01.016-800x800.jpg 800w\" sizes=\"(max-width: 400px) 100vw, 400px\" class=\"light-dropshaddow\"\/><\/a><\/div><\/div><div class=\"tcol-lg-4 tcol-md-4 tcol-sm-4 tcol-xs-6 tcol-ss-12 g_item\"><div class=\"grid_item kad_gallery_fade_in gallery_item\"><a href=\"https:\/\/luciosobrino.es\/wp-content\/uploads\/2020\/10\/C01.017.jpg\" data-rel=\"lightbox\" class=\"lightboxhover\"><img src=\"https:\/\/luciosobrino.es\/wp-content\/uploads\/2020\/10\/C01.017-400x400.jpg\" width=\"400\" height=\"400\" alt=\"C.01.017\t&#039;Salazar&#039;. Salazar(Burgos)\t11-2000\t24,5x32\" srcset=\"https:\/\/luciosobrino.es\/wp-content\/uploads\/2020\/10\/C01.017-400x400.jpg 400w, https:\/\/luciosobrino.es\/wp-content\/uploads\/2020\/10\/C01.017-150x150.jpg 150w, https:\/\/luciosobrino.es\/wp-content\/uploads\/2020\/10\/C01.017-800x800.jpg 800w\" sizes=\"(max-width: 400px) 100vw, 400px\" class=\"light-dropshaddow\"\/><\/a><\/div><\/div><div class=\"tcol-lg-4 tcol-md-4 tcol-sm-4 tcol-xs-6 tcol-ss-12 g_item\"><div class=\"grid_item kad_gallery_fade_in gallery_item\"><a href=\"https:\/\/luciosobrino.es\/wp-content\/uploads\/2020\/10\/C01.019.jpg\" data-rel=\"lightbox\" class=\"lightboxhover\"><img src=\"https:\/\/luciosobrino.es\/wp-content\/uploads\/2020\/10\/C01.019-400x400.jpg\" width=\"400\" height=\"400\" alt=\"C.01.019\t&#039;Salazar&#039;. Salazar(Burgos)\t14-9-2004\t23x31\t\" srcset=\"https:\/\/luciosobrino.es\/wp-content\/uploads\/2020\/10\/C01.019-400x400.jpg 400w, https:\/\/luciosobrino.es\/wp-content\/uploads\/2020\/10\/C01.019-150x150.jpg 150w, https:\/\/luciosobrino.es\/wp-content\/uploads\/2020\/10\/C01.019-800x800.jpg 800w\" sizes=\"(max-width: 400px) 100vw, 400px\" class=\"light-dropshaddow\"\/><\/a><\/div><\/div><div class=\"tcol-lg-4 tcol-md-4 tcol-sm-4 tcol-xs-6 tcol-ss-12 g_item\"><div class=\"grid_item kad_gallery_fade_in gallery_item\"><a href=\"https:\/\/luciosobrino.es\/wp-content\/uploads\/2020\/10\/C01.021.jpg\" data-rel=\"lightbox\" class=\"lightboxhover\"><img src=\"https:\/\/luciosobrino.es\/wp-content\/uploads\/2020\/10\/C01.021-400x400.jpg\" width=\"400\" height=\"400\" alt=\"C.01.021\t&#039;Medina de Pomar. Las Torres de los Velasco&#039;.\tMedina de Pomar(Burgos)\t8-1999\t24,5x32\t Museo de la Ferias de Medina del Campo \" srcset=\"https:\/\/luciosobrino.es\/wp-content\/uploads\/2020\/10\/C01.021-400x400.jpg 400w, https:\/\/luciosobrino.es\/wp-content\/uploads\/2020\/10\/C01.021-150x150.jpg 150w, https:\/\/luciosobrino.es\/wp-content\/uploads\/2020\/10\/C01.021-800x800.jpg 800w\" sizes=\"(max-width: 400px) 100vw, 400px\" class=\"light-dropshaddow\"\/><\/a><\/div><\/div><\/div>\n<p>&nbsp;<\/p>\n","protected":false},"excerpt":{"rendered":"<p>&nbsp; &nbsp;<\/p>\n","protected":false},"author":1,"featured_media":0,"parent":0,"menu_order":0,"comment_status":"closed","ping_status":"closed","template":"","meta":[],"_links":{"self":[{"href":"https:\/\/luciosobrino.es\/index.php?rest_route=\/wp\/v2\/pages\/181"}],"collection":[{"href":"https:\/\/luciosobrino.es\/index.php?rest_route=\/wp\/v2\/pages"}],"about":[{"href":"https:\/\/luciosobrino.es\/index.php?rest_route=\/wp\/v2\/types\/page"}],"author":[{"embeddable":true,"href":"https:\/\/luciosobrino.es\/index.php?rest_route=\/wp\/v2\/users\/1"}],"replies":[{"embeddable":true,"href":"https:\/\/luciosobrino.es\/index.php?rest_route=%2Fwp%2Fv2%2Fcomments&post=181"}],"version-history":[{"count":20,"href":"https:\/\/luciosobrino.es\/index.php?rest_route=\/wp\/v2\/pages\/181\/revisions"}],"predecessor-version":[{"id":484,"href":"https:\/\/luciosobrino.es\/index.php?rest_route=\/wp\/v2\/pages\/181\/revisions\/484"}],"wp:attachment":[{"href":"https:\/\/luciosobrino.es\/index.php?rest_route=%2Fwp%2Fv2%2Fmedia&parent=181"}],"curies":[{"name":"wp","href":"https:\/\/api.w.org\/{rel}","templated":true}]}}