{"id":313,"date":"2014-07-30T08:28:22","date_gmt":"2014-07-30T08:28:22","guid":{"rendered":"http:\/\/josezorita.es\/web\/weblucio\/?page_id=313"},"modified":"2014-07-30T09:19:24","modified_gmt":"2014-07-30T09:19:24","slug":"biografia","status":"publish","type":"page","link":"https:\/\/luciosobrino.es\/?page_id=313","title":{"rendered":"Biograf\u00eda"},"content":{"rendered":"<p><a href=\"http:\/\/josezorita.es\/web\/weblucio\/wp-content\/uploads\/2014\/07\/biografia.jpg\"><img decoding=\"async\" loading=\"lazy\" class=\"size-full wp-image-320 alignleft\" src=\"http:\/\/josezorita.es\/web\/weblucio\/wp-content\/uploads\/2014\/07\/biografia.jpg\" alt=\"biografia\" width=\"158\" height=\"245\" \/><\/a><\/p>\n<p style=\"text-align: justify;\">Desde 1953 pertenece a la Asociaci\u00f3n de Pintores y Escultores y a la Agrupaci\u00f3n de Acuarelistas (Socio de Honor); en esta \u00faltima imparte regularmente clases y exhibiciones de pintura y retrato.<\/p>\n<p style=\"text-align: justify;\">Socio de n\u00famero de la Sociedad de Amigos del Museo de la Acuarela de M\u00e9xico.<\/p>\n<p style=\"text-align: justify;\">Ha realizado numerosas copias en el Museo del Prado, estudiando la t\u00e9cnica de los grandes maestros.<\/p>\n<p style=\"text-align: justify;\">Restaurador titulado por el ICR (Instituto Central de Restauraci\u00f3n) en conservaci\u00f3n y restauraci\u00f3n de obras de arte (secci\u00f3n pintura) desde 1970.<\/p>\n<p style=\"text-align: justify;\">Se dedica preferentemente a la pintura de Retrato y Paisaje, empleando diversas t\u00e9cnicas.<\/p>\n<h4><\/h4>\n<h4><\/h4>\n<h4><\/h4>\n<p>&#8211;<\/p>\n<h4>Exposiciones Individuales<\/h4>\n<p>En Madrid, Lisboa, Estoril, Valencia, Castell\u00f3n, Gand\u00eda, Vitoria, Valladolid, Burgos, Toledo, Puertollano, Navacerrada, etc.<\/p>\n<h4>Exposiciones colectivas<\/h4>\n<h5>Fechas diversas:<\/h5>\n<p>Salones Nacionales de Acuarela.<\/p>\n<p>Salones de Oto\u00f1o en Madrid, Sevilla y Mallorca.<\/p>\n<p>Cert\u00e1menes Nacionales de Acuarela de Madrid, Valladolid, Barcelona, Palam\u00f3s, Aranjuez y Cuenca (\u201cEl Tormo\u201d).<\/p>\n<p>Pintores de \u00c1frica.<\/p>\n<p>Premios de Valdepe\u00f1as y Puertollano.<\/p>\n<p>Certamen Anual de la Diputaci\u00f3n de Gerona.<\/p>\n<p>Cert\u00e1menes Ayuntamiento de Madrid.<\/p>\n<p>Concurso Nacional de Pintura Ayuntamiento de Linares, 1961, 1971 y 1973.<\/p>\n<h5>1971:<\/h5>\n<p>XVI Sal\u00f3n de Primavera de Estoril, 1971; XVII Sal\u00f3n de Oto\u00f1o de Estoril, 1971.<\/p>\n<p>Sal\u00f3n Internacional de la Acuarela de Bilbao, 1971.<\/p>\n<h5>1980-89:<\/h5>\n<p>IV Certamen Nacional de Acuarela Caja Madrid, 1980.<\/p>\n<p>Museo de la Acuarela Mexicana \u201cAcuarelistas Espa\u00f1oles\u201d, 1982.<\/p>\n<p>Exposici\u00f3n Nacional de Acuarela, Bilbao, 1984.<\/p>\n<p>XI Certamen Nacional de Acuarela Caja Madrid, 1987.<\/p>\n<p>X Exposici\u00f3n Peque\u00f1o Formato, A.E.P.E., 1989.<\/p>\n<h5>1991-2001:<\/h5>\n<p>III Certamen de Minicuadros Caja Madrid, 1991.<\/p>\n<p>Exposici\u00f3n Nacional de Acuarela, Madrid, 1991.<\/p>\n<p>XVIII Exposici\u00f3n de Acuarela Caja Madrid-A.E.D.A., 1991.<\/p>\n<p>XIX Exposici\u00f3n de Acuarela Caja Madrid-A.E.D.A., 1992.<\/p>\n<p>XVI Certamen Nacional de Acuarela Caja Madrid, 1992.<\/p>\n<p>\u201cMaestros Castellanos de la Acuarela\u201d, Galer\u00eda Zenhid, Madrid, 1993.<\/p>\n<p>\u201cTemas de Madrid\u201d, Galer\u00eda Mirart, Madrid, 1994.<\/p>\n<p>\u201cEl Desnudo en el Arte\u201d, A.E.P.E., Madrid, 1995.<\/p>\n<p>XIX Certamen Nacional de Acuarela Caja Madrid, 1995.<\/p>\n<p>\u201cLos mejores de la Acuarela Espa\u00f1ola-veinticinco artistas en Goya Art Gallery\u201d, Nueva York, 1995.<\/p>\n<p>II Bienal Internacional de la Acuarela, M\u00e9xico, 1996.<\/p>\n<p>XX Certamen Nacional de Acuarela, Caja Madrid, 1996.<\/p>\n<p>IV Concurso de Minicuadros A.E.P.E., 1997.<\/p>\n<p>XXI Certamen Nacional de Acuarela, Caja Madrid, 1997.<\/p>\n<p>Exposici\u00f3n Nacional de Acuarela, 50\u00ba Aniversario de la A.E.D.A.<\/p>\n<p>VI Bienal de Acuarela, Agrupaci\u00f3n de Acuarelistas de Catalu\u00f1a-Caja Madrid, Barceloma, 2000.<\/p>\n<p>I Certamen Nacional de Acuarela de Caudete, 2000.<\/p>\n<p>\u201cAcuarelistas y escultores. Siglo XXI\u201d, Galer\u00eda Ana Samar\u00e1n, Madrid, 2001.<\/p>\n<h4>Premios m\u00e1s destacados<\/h4>\n<h5>1950-60:<\/h5>\n<p>Numerosos premios de la antigua Organizaci\u00f3n Educaci\u00f3n y Descanso.<\/p>\n<h5>1961-69:<\/h5>\n<p>Premio \u00danico de Acuarela, Ayuntamiento de Linares, 1961.<\/p>\n<p>Medalla de Plata, I Certamen de Artes Pl\u00e1sticas del Club Urbis, Madrid, 1964.<\/p>\n<p>Tercera Medalla de Pintura del Sal\u00f3n de Oto\u00f1o, Madrid, 1964.<\/p>\n<p>Tercera Medalla de Dibujo del Sal\u00f3n de Oto\u00f1o, Madrid, 1964.<\/p>\n<p>Tercera Medalla de Acuarela del Sal\u00f3n de Oto\u00f1o, Madrid, 1966.<\/p>\n<p>Segundo Premio y Medalla de Plata de Acuarela, Diputaci\u00f3n de Gerona, 1969.<\/p>\n<h5>1970-78:<\/h5>\n<p>Medalla Felipe Trigo de Acuarela, Ayuntamiento de Madrid, 1970.<\/p>\n<p>Primer Premio de Acuarela 50\u00ba Aniversariodel Centro Segoviano de Madrid, 1970.<\/p>\n<p>Primer Premio de Acuarela del Ayuntamiento de Albarrac\u00edn, 1970.<\/p>\n<p>Segunda Medalla de Pintura Sal\u00f3n de Oto\u00f1o, Madrid, 1971.<\/p>\n<p>Segunda Medalla de Acuarela Sal\u00f3n de Oto\u00f1o, Madrid, 1971.<\/p>\n<p>Segundo Premio de Acuarela del Ayuntamiento de Linares, 1971.<\/p>\n<p>Medalla de Bronce de Acuarela XVI Sal\u00f3n de Primavera de Estoril, 1971.<\/p>\n<p>Medalla de Plata de Acuarela XVII Sal\u00f3n de Oto\u00f1o de Estoril, 1971.<\/p>\n<p>Primer Premio y Medalla de Oro de Acuarela de la Diputaci\u00f3n de Gerona, 1973.<\/p>\n<p>Primer Premio de Acuarela XXVIII Exposici\u00f3n Nacional de Pintura del Ayuntamiento de Linares, 1973.<\/p>\n<p>Medalla Goya I Exposici\u00f3n de Acuarela Caja de Ahorros de Madrid, 1974.<\/p>\n<p>Premio Galer\u00edas Preciados de Temas de Madrid, Ayuntamiento de Madrid, 1975.<\/p>\n<p>Primera Medalla de Acuarela, Exposici\u00f3n de Bellas Artes, Palacio de Cristal del Retiro, Madrid, 1976.<\/p>\n<p>Segundo Premio, Certamen Nacional de Acuarela, Valladolid, 1977.<\/p>\n<p>Premio \u00danico de Acuarela de Linares, 1977.<\/p>\n<p>Segundo Premio de Acuarela de la Caja de Ahorros y Monte de Piedad, Majadahonda, Madrid, 1977.<\/p>\n<p>Premio Teresa F. del Sol, Ayuntamiento de Palam\u00f3s, Galer\u00eda Tramont\u00e1n, 1978.<\/p>\n<p>Primer Premio de Acuarela de la Caja de Ahorros y Monte de Piedad, Majadahonda, Madrid, 1978.<\/p>\n<h5>1982-97:<\/h5>\n<p>Medalla Especial Prados L\u00f3pez, Sal\u00f3n de Oto\u00f1o de Madrid, 1982.<\/p>\n<p>Premio Ayuntamiento de Madrid, 1982.<\/p>\n<p>Premio Acuarela Caja de Castilla-La Mancha, Exposici\u00f3n \u201cEl Tormo\u201d, Cuenca, 1992.<\/p>\n<p>Premio Tema Libre, Exposici\u00f3n \u201cLa Acuarela y Aranjuez\u201d, Caja Madrid, 1993.<\/p>\n<p>Menci\u00f3n de Honor en la XXI Exposici\u00f3n de Acuarela de Caja Madrid, 1994.<\/p>\n<p>Premio \u00danico, XXIV Certamen Nacional de Acuarela Caja Madrid-A.E.D.A., 1997.<\/p>\n<p>&nbsp;<\/p>\n<h4>Obras en museos y colecciones<\/h4>\n<p>Retratos al \u00f3leo de personajes hist\u00f3ricos, encargo del Ministerio de Asuntos Exteriores para el Casino de San Juan de Puerto Rico.<\/p>\n<p>Retratos al \u00f3leo de dos decanos para la galer\u00eda de retratos del Colegio Notarial de Madrid.<\/p>\n<p>Retrato al \u00f3leo de Betancourt, Colegio de Ingenieros de Madrid.<\/p>\n<p>Retrato al \u00f3leo, galer\u00eda de retratos de la Escuela de Ingenieros de Caminos, Canales y Puertos, Madrid.<\/p>\n<p>Retrato de Churruca por encargo de sus herederos, Madrid.<\/p>\n<p>Mural de 1\u201960 X 4\u201900 m., reproducci\u00f3n de la c\u00fapula de San Antonio de la Florida, de Goya, para la agencia de Moratalaz de la Central del Ahorro Popular.<\/p>\n<p>Museo de Figueira da Foz, Portugal.<\/p>\n<p>Museo de Puertollano.<\/p>\n<p>Museo de Acuarela de La Pola de Gord\u00f3n.<\/p>\n<p>Patrimonio Nacional, Palacio Real de Madrid.<\/p>\n<p>Palacio de la Zarzuela.<\/p>\n<p>Cortes de Castilla-La Mancha, Toledo.<\/p>\n<p>Ayuntamiento de Madrid.<\/p>\n<p>Ayuntamiento de Valdepe\u00f1as.<\/p>\n<p>Ayuntamiento de Linares.<\/p>\n<p>Ayuntamiento de Albarrac\u00edn.<\/p>\n<p>Diputaci\u00f3n de Gerona.<\/p>\n<p>Caja de Ahorros de Castilla-La Mancha, Cuenca.<\/p>\n<p>Caja Rural de Toledo.<\/p>\n<p>Diario de Noticias de Lisboa.<\/p>\n<p>Casino de Estoril.<\/p>\n<p>Centro Segoviano de Madrid.<\/p>\n<p>Obra dispersa en Norteam\u00e9rica, Alemania, Portugal, Gran Breta\u00f1a, Emiratos \u00c1rabes, etc.<\/p>\n<h4>Bibliograf\u00eda<\/h4>\n<p>Diccionario de Pintores y Escultores Espa\u00f1oles del siglo XX, vol. XIII, Ed. F\u00f3rum Artis.<\/p>\n<p>Gran Enciclopedia de Madrid, Castilla-La Mancha, p. 2989.<\/p>\n<p>Arte Espa\u00f1ol, ed. de 1976 y otras.<\/p>\n<p>A. del Campo: La acuarela y los acuarelistas.<\/p>\n<p>Concursos nacionales de Pintura y Escultura, Valladolid, pp. 153, 187 y 193.<\/p>\n<p>Revista Correo del Arte, n\u00ba 109.<\/p>\n<p>Historia de la Asociaci\u00f3n Espa\u00f1ola de Pintores y Escultores, 1910-1993.<\/p>\n<p>Artegu\u00eda-Directorio de arte (anual).<\/p>\n<p>Directorio Ib\u00e9rico 2000.<\/p>\n<p>Revista Batik, 1998, p. 119.<\/p>\n<p>Referencias en diversos cat\u00e1logos:<\/p>\n<p>Exposici\u00f3n Nacional de Acuarela, Bilbao, 1984.<\/p>\n<p>Exposici\u00f3n Nacional de Acuarela, Madrid, 1991.<\/p>\n<p>Exposici\u00f3n Nacional de Acuarela, 50\u00ba Aniversario de la A.E.D.A.<\/p>\n<p>Salones de Oto\u00f1o, etc.<\/p>\n","protected":false},"excerpt":{"rendered":"<p>Desde 1953 pertenece a la Asociaci\u00f3n de Pintores y Escultores y a la Agrupaci\u00f3n de Acuarelistas (Socio de Honor); en esta \u00faltima imparte regularmente clases y exhibiciones de pintura y retrato. Socio de n\u00famero de la Sociedad de Amigos del &hellip; <a href=\"https:\/\/luciosobrino.es\/?page_id=313\">Continued<\/a><\/p>\n","protected":false},"author":1,"featured_media":0,"parent":0,"menu_order":0,"comment_status":"closed","ping_status":"closed","template":"","meta":[],"_links":{"self":[{"href":"https:\/\/luciosobrino.es\/index.php?rest_route=\/wp\/v2\/pages\/313"}],"collection":[{"href":"https:\/\/luciosobrino.es\/index.php?rest_route=\/wp\/v2\/pages"}],"about":[{"href":"https:\/\/luciosobrino.es\/index.php?rest_route=\/wp\/v2\/types\/page"}],"author":[{"embeddable":true,"href":"https:\/\/luciosobrino.es\/index.php?rest_route=\/wp\/v2\/users\/1"}],"replies":[{"embeddable":true,"href":"https:\/\/luciosobrino.es\/index.php?rest_route=%2Fwp%2Fv2%2Fcomments&post=313"}],"version-history":[{"count":12,"href":"https:\/\/luciosobrino.es\/index.php?rest_route=\/wp\/v2\/pages\/313\/revisions"}],"predecessor-version":[{"id":335,"href":"https:\/\/luciosobrino.es\/index.php?rest_route=\/wp\/v2\/pages\/313\/revisions\/335"}],"wp:attachment":[{"href":"https:\/\/luciosobrino.es\/index.php?rest_route=%2Fwp%2Fv2%2Fmedia&parent=313"}],"curies":[{"name":"wp","href":"https:\/\/api.w.org\/{rel}","templated":true}]}}